?
-301122101
Convert -5005660 (base 8) to base 5.
-314014322
-e129eb (base 16) to base 8
-70224753
-5250122 (base 6) to base 3
-110222021212
What is 4b4a93 (base 16) in base 5?
2230344131
What is 25056271 (base 9) in base 12?
4133284
705851 (base 11) to base 3
2010122222101
What is -65b4b (base 14) in base 6?
-5140531
What is -152323 (base 7) in base 4?
-13033132
What is -248401 (base 11) in base 5?
-100014144
-2b6368 (base 12) to base 11
-4634a3
What is -7b70 (base 15) in base 12?
-131b9
Convert 7608c2 (base 13) to base 14.
52226b
Convert 3a40b2 (base 12) to base 8.
3524606
48bd5 (base 16) to base 7
2350430
What is 3048887 (base 9) in base 10?
1627126
Convert 3027412 (base 9) to base 16.
189c53
80aa06 (base 11) to base 5
313143214
What is 49348 (base 12) in base 6?
2042132
What is 2120354 (base 6) in base 7?
611455
Convert 102143440 (base 5) to base 16.
687db
-102033100 (base 4) to base 13
-28006
What is 497b9 (base 13) in base 10?
135352
Convert -272515 (base 12) to base 13.
-19865c
What is -1061652 (base 7) in base 5?
-13221404
What is -76831 (base 9) in base 3?
-2120221001
415053140 (base 6) to base 14
d66100
Convert -38216b (base 13) to base 5.
-321101034
What is -2786549 (base 10) in base 15?
-3a099e
1fcdac (base 16) to base 14
3c3804
-6226712 (base 9) to base 10
-3324818
-173328 (base 9) to base 3
-12110100222
-125a05b (base 13) to base 15
-784081
Convert 1053336 (base 8) to base 10.
284382
What is -a2a99a (base 12) in base 14?
-4a4a6a
-460808 (base 14) to base 6
-123030040
Convert 1a584 (base 16) to base 9.
174017
-42431113 (base 6) to base 15
-199d09
-37146512 (base 8) to base 7
-126343351
Convert 57e3f (base 16) to base 6.
11414355
Convert -301314013 (base 6) to base 11.
-2980a75
What is -2077615 (base 9) in base 8?
-4200454
-1b4882a (base 13) to base 2
-100010100000000100010000
Convert -9de45b (base 15) to base 3.
-112012002221112
Convert -1232453 (base 7) to base 12.
-782a2
Convert 178113 (base 11) to base 12.
112901
Convert -1200200012 (base 3) to base 15.
-9ceb
-100132300102 (base 4) to base 16
-41ec12
What is 3632551 (base 7) in base 10?
461959
-2a08 (base 16) to base 8
-25010
What is -224552 (base 12) in base 9?
-1023088
-3c769 (base 13) to base 8
-335245
What is 1110011110110111 (base 2) in base 13?
21000
What is 1000011011111010011 (base 2) in base 7?
2230635
What is -3762704 (base 8) in base 5?
-231314420
What is -d5962 (base 14) in base 5?
-112434403
Convert -3896 (base 13) to base 4.
-1332002
What is -1242323020 (base 5) in base 10?
-3089135
Convert -41464544 (base 7) to base 9.
-6516338
-1065b4 (base 14) to base 3
-1001012220100
What is -3007665 (base 8) in base 16?
-c0fb5
What is -1a0249a (base 11) in base 14?
-641a10
Convert -24200121 (base 5) to base 11.
-144089
-4006463 (base 7) to base 3
-220000200122
What is 44245 (base 10) in base 5?
2403440
What is 1240423042 (base 5) in base 7?
35006156
What is 336034 (base 9) in base 6?
4151351
Convert -8089925 (base 10) to base 15.
-a9c035
What is 20133203 (base 5) in base 9?
265702
What is -7bbda (base 16) in base 2?
-1111011101111011010
What is 1430272 (base 8) in base 13?
11286c
-100100111010011100010101 (base 2) to base 14
-13dc633
Convert 1184513 (base 9) to base 2.
10011101110010100111
Convert 12101021010010 (base 3) to base 8.
12720326
What is 63613455 (base 7) in base 11?
3058151
What is 2140d (base 14) in base 6?
1420033
Convert -754a71a (base 11) to base 12.
-4544690
-201202001 (base 3) to base 15
-43e7
11101011101111111011100 (base 2) to base 8
35357734
What is 112000111 (base 4) in base 12?
441b1
Convert -4424 (base 14) to base 6.
-130332
-28d64 (base 14) to base 5
-11221140
What is 202130202332 (base 4) in base 15?
bd5782
-3ffba0 (base 16) to base 14
-7b21b2
What is 694263 (base 11) in base 12?
45287a
-1212533404 (base 6) to base 4
-310312100230
11010010101010000 (base 2) to base 15
21e56
What is -2096394 (base 11) in base 2?
-1110000011010000001111
-122122210102 (base 3) to base 16
-54dbe
Convert -77929 (base 16) to base 9.
-825747
What is -1431215 (base 10) in base 6?
-50401555
21757 (base 15) to base 8
317452
Convert -22a372 (base 11) to base 13.
-ca275
-43403300 (base 5) to base 15
-754ba
Convert -40155650 (base 8) to base 5.
-4130213330
Convert -10120222202 (base 3) to base 14.
-1baa6
Convert -2a2c6 (base 14) to base 11.
-71848
242343 (base 8) to base 11
57540
-13226244 (base 8) to base 7
-34110223
d0468 (base 14) to base 3
221102021001
What is -33aab8 (base 13) in base 16?
-12aacd
What is -101211002000 (base 3) in base 9?
-354060
Convert 15487a6 (base 11) to base 5.
1134200431
1132723 (base 10) to base 5
242221343
What is 1170452 (base 10) in base 7?
12643253
What is -32513 (base 6) in base 11?
-342a
Convert 140005 (base 12) to base 13.
b8028
6812b (base 13) to base 7
1415311
11316457 (base 8) to base 13
68402b
Convert 421556 (base 7) to base 4.
101233103
What is 5231224 (base 9) in base 15?
3a3634
Convert -1231315 (base 6) to base 3.
-10101010102
869664 (base 12) to base 2
1000001000011001101100
What is 400674 (base 10) in base 12?
173a56
What is -3201313112 (base 4) in base 10?
-925142
Convert 95305 (base 10) to base 2.
10111010001001001
What is 11001100 (base 3) in base 11?
2244
-7c114 (base 15) to base 3
-202002000001
What is 219890 (base 11) in base 12?
14a511
Convert -4b85428 (base 12) to base 2.
-111000101011000000100000
Convert -5dda2b (base 16) to base 3.
-102120111011200
-142314444 (base 5) to base 3
-1101211221120
What is 10518065 (base 10) in base 4?
220013320301
1b7513 (base 12) to base 6
14255223
420021 (base 7) to base 5
4301140
Convert 3617218 (base 12) to base 7.
155053562
a891c7 (base 14) to base 3
101202010112000
-100a598 (base 11) to base 10
-1785583
What is 52058 (base 9) in base 10?
34316
18977 (base 10) to base 13
883a
What is 1d3d12 (base 14) in base 4?
3333313130
1415326 (base 7) to base 12
91574
What is -1032331000 (base 5) in base 10?
-2230125
What is -82a1cc (base 16) in base 7?
-132524322
100636 (base 14) to base 5
114222143
14029 (base 11) to base 2
100111000011100
Convert -2158351 (base 12) to base 2.
-11000001011100011101101
-503550304 (base 6) to base 2
-100000101111100101100000
14013431 (base 6) to base 13
135424
2508d8 (base 15) to base 11
1001817
Convert -1700a8 (base 11) to base 7.
-2145451
What is 2e14 (base 16) in base 2?
10111000010100
-11121201012 (base 3) to base 5
-10402124
Convert 3a58730 (base 11) to base 8.
32573206
-147641 (base 14) to base 5
-140240204
What is -7a01a (base 11) in base 4?
-130101222
-10411203 (base 8) to base 4
-20201022003
-287051a (base 12) to base 2
-11110111011100111100110
Convert -212441421 (base 6) to base 14.
-701845
-20446 (base 11) to base 2
-111010001111000
What is 434b0 (base 14) in base 3?
22021100220
What is -2102545 (base 6) in base 10?
-101729
What is -207a2 (base 13) in base 12?
-29999
8b35 (base 15) to base 12
15105
What is 657123 (base 9) in base 10?
392304
What is -16a781 (base 12) in base 3?
-201220012221
Convert -2d1222 (base 14) to base 3.
-2222011220200
What is -144c2 (base 16) in base 12?
-40142
-14315035 (base 6) to base 8
-1701377
-357662 (base 13) to base 15
-1a2372
100110010101100111 (base 2) to base 6
3210555
Convert -1200121110121 (base 3) to base 11.
-563537
Convert 608bd (base 14) to base 15.
48c21
What is 112386 (base 12) in base 6?
5510250
2a9313 (base 13) to base 5
232022432
Convert 34085d (base 15) to base 6.
125113041
Convert 102b938 (base 15) to base 3.
210200211122222
-10200111201 (base 4) to base 6
-41151413
2a4164 (base 13) to base 11
649321
631057 (base 8) to base 15
420da
What is 12576315 (base 9) in base 6?
340413022
-1396e (base 16) to base 15
-18b93
Convert 685230 (base 9) to base 3.
202212021000
102201121021021 (base 3) to base 12
2106374
What is -2a10762 (base 11) in base 6?
-302443232
What is 104333243 (base 5) in base 11?
298257
What is -100010330200 (base 4) in base 15?
-583b5a
617587 (base 11) to base 15
148944
What is a919 (base 11) in base 8?
34123
c9a63 (base 15) to base 16
9c4da
Convert -1011111111100101001100 (base 2) to base 10.
-3144012
-625bca (base 13) to base 6
-121130214
-100010101111000001 (base 2) to base 7
-1131535
280299 (base 12) to base 13
1a3298
What is 1497416 (base 11) in base 3?
11210221000202
What is -933488 (base 11) 